{"id":23,"date":"2018-11-11T12:59:16","date_gmt":"2018-11-11T12:59:16","guid":{"rendered":"http:\/\/reflexologie-rupp.ch\/?page_id=23"},"modified":"2024-05-05T13:11:06","modified_gmt":"2024-05-05T13:11:06","slug":"information","status":"publish","type":"page","link":"https:\/\/reflexologie-rupp.ch\/?page_id=23","title":{"rendered":"Information"},"content":{"rendered":"\n<div id=\"metaslider-id-127\" style=\"width: 100%; margin: 0 auto;\" class=\"ml-slider-3-108-0 metaslider metaslider-flex metaslider-127 ml-slider has-dots-nav ms-theme-default\" role=\"region\" aria-label=\"Information\" data-height=\"300\" data-width=\"700\">\n    <div id=\"metaslider_container_127\">\n        <div id=\"metaslider_127\">\n            <ul class='slides'>\n                <li style=\"display: block; width: 100%;\" class=\"slide-134 ms-image \" aria-roledescription=\"slide\" data-date=\"2018-12-18 20:39:10\" data-filename=\"DSC_9867-700x300.png\" data-slide-type=\"image\"><img loading=\"lazy\" decoding=\"async\" src=\"https:\/\/reflexologie-rupp.ch\/wp-content\/uploads\/2018\/12\/DSC_9867-700x300.png\" height=\"300\" width=\"700\" alt=\"\" class=\"slider-127 slide-134 msDefaultImage\" title=\"DSC_9867\" \/><\/li>\n                <li style=\"display: none; width: 100%;\" class=\"slide-135 ms-image \" aria-roledescription=\"slide\" data-date=\"2018-12-18 20:39:11\" data-filename=\"DSC_9875-700x300.png\" data-slide-type=\"image\"><img loading=\"lazy\" decoding=\"async\" src=\"https:\/\/reflexologie-rupp.ch\/wp-content\/uploads\/2018\/12\/DSC_9875-700x300.png\" height=\"300\" width=\"700\" alt=\"\" class=\"slider-127 slide-135 msDefaultImage\" title=\"DSC_9875\" \/><\/li>\n                <li style=\"display: none; width: 100%;\" class=\"slide-136 ms-image \" aria-roledescription=\"slide\" data-date=\"2018-12-18 20:39:11\" data-filename=\"DSC_9900-700x300.png\" data-slide-type=\"image\"><img loading=\"lazy\" decoding=\"async\" src=\"https:\/\/reflexologie-rupp.ch\/wp-content\/uploads\/2018\/12\/DSC_9900-700x300.png\" height=\"300\" width=\"700\" alt=\"\" class=\"slider-127 slide-136 msDefaultImage\" title=\"DSC_9900\" \/><\/li>\n                <li style=\"display: none; width: 100%;\" class=\"slide-137 ms-image \" aria-roledescription=\"slide\" data-date=\"2018-12-18 20:39:11\" data-filename=\"DSC_9943-700x300.png\" data-slide-type=\"image\"><img loading=\"lazy\" decoding=\"async\" src=\"https:\/\/reflexologie-rupp.ch\/wp-content\/uploads\/2018\/12\/DSC_9943-700x300.png\" height=\"300\" width=\"700\" alt=\"\" class=\"slider-127 slide-137 msDefaultImage\" title=\"DSC_9943\" \/><\/li>\n                <li style=\"display: none; width: 100%;\" class=\"slide-139 ms-image \" aria-roledescription=\"slide\" data-date=\"2018-12-18 20:39:11\" data-filename=\"DSC_9965-700x300.png\" data-slide-type=\"image\"><img loading=\"lazy\" decoding=\"async\" src=\"https:\/\/reflexologie-rupp.ch\/wp-content\/uploads\/2018\/12\/DSC_9965-700x300.png\" height=\"300\" width=\"700\" alt=\"\" class=\"slider-127 slide-139 msDefaultImage\" title=\"DSC_9965\" \/><\/li>\n            <\/ul>\n        <\/div>\n        \n    <\/div>\n<\/div>\n\n\n<p style=\"text-align: left;\"><strong>Informationen<\/strong><\/p>\n<p>Eine Behandlung dauert in der Regel etwa 60 Minuten.<\/p>\n<p>F\u00fcr den ersten Besuch planen sie am besten etwas mehr Zeit ein, damit wir in Ruhe besprechen k\u00f6nnen was ihnen wichtig ist.<\/p>\n<p><strong>Aromatherapeutische Anwendungen<\/strong><\/p>\n<p>Aromatherapie ist immer individuell.\u00a0 \u00a0 \u00a0 \u00a0 \u00a0 \u00a0 \u00a0 \u00a0 \u00a0 \u00a0 \u00a0 \u00a0 \u00a0 \u00a0 \u00a0 \u00a0 \u00a0 \u00a0 \u00a0 \u00a0 \u00a0 \u00a0 \u00a0 \u00a0 \u00a0 \u00a0 \u00a0 \u00a0 \u00a0 \u00a0 \u00a0 \u00a0 \u00a0 \u00a0 \u00a0 \u00a0 \u00a0 \u00a0 \u00a0 \u00a0 \u00a0 \u00a0 \u00a0 \u00a0 \u00a0 \u00a0 \u00a0 \u00a0 \u00a0 \u00a0 \u00a0 \u00a0 \u00a0 \u00a0 \u00a0 \u00a0Wir kl\u00e4ren erst gemeinsam ab, was f\u00fcr Bed\u00fcrfnisse und Ideen sie haben und schauen gemeinsam was, wie wann, wo etc.<\/p>\n<p style=\"text-align: left;\">________<\/p>\n<p style=\"text-align: left;\"><strong>Kosten<\/strong><\/p>\n<p style=\"text-align: left;\">Pro 60 Minuten 100.-<\/p>\n<p style=\"text-align: left;\">Ich bin EMR anerkannt, die Kosten werden deshalb von vielen Zusatzversicherungen \u00fcbernommen .<\/p>\n<p style=\"text-align: left;\">Am besten kl\u00e4ren sie vorg\u00e4ngig die Kosten\u00fcbernahme bei ihrem Versicherer ab.<\/p>\n<p style=\"text-align: left;\">_______<\/p>\n<p style=\"text-align: left;\">Im Verhinderungsfall bitte ich sie sp\u00e4testens 24 Stunden vorher abzusagen.<\/p>\n<p style=\"text-align: left;\">Sp\u00e4ter annullierte Termine werden in Rechnung gestellt.<\/p>","protected":false},"excerpt":{"rendered":"<p>Informationen Eine Behandlung dauert in der Regel etwa 60 Minuten. F\u00fcr den ersten Besuch planen sie am besten etwas mehr Zeit ein, damit wir in Ruhe besprechen k\u00f6nnen was ihnen wichtig ist. Aromatherapeutische Anwendungen Aromatherapie ist immer individuell.\u00a0 \u00a0 \u00a0 \u00a0 \u00a0 \u00a0 \u00a0 \u00a0 \u00a0 \u00a0 \u00a0 \u00a0 \u00a0 \u00a0 \u00a0 \u00a0 \u00a0 \u00a0 &hellip; <\/p>\n<p class=\"link-more\"><a href=\"https:\/\/reflexologie-rupp.ch\/?page_id=23\" class=\"more-link\"><span class=\"screen-reader-text\">\u201eInformation\u201c <\/span>weiterlesen<\/a><\/p>\n","protected":false},"author":1,"featured_media":0,"parent":0,"menu_order":0,"comment_status":"closed","ping_status":"closed","template":"","meta":{"footnotes":""},"class_list":["post-23","page","type-page","status-publish","hentry"],"_links":{"self":[{"href":"https:\/\/reflexologie-rupp.ch\/index.php?rest_route=\/wp\/v2\/pages\/23","targetHints":{"allow":["GET"]}}],"collection":[{"href":"https:\/\/reflexologie-rupp.ch\/index.php?rest_route=\/wp\/v2\/pages"}],"about":[{"href":"https:\/\/reflexologie-rupp.ch\/index.php?rest_route=\/wp\/v2\/types\/page"}],"author":[{"embeddable":true,"href":"https:\/\/reflexologie-rupp.ch\/index.php?rest_route=\/wp\/v2\/users\/1"}],"replies":[{"embeddable":true,"href":"https:\/\/reflexologie-rupp.ch\/index.php?rest_route=%2Fwp%2Fv2%2Fcomments&post=23"}],"version-history":[{"count":10,"href":"https:\/\/reflexologie-rupp.ch\/index.php?rest_route=\/wp\/v2\/pages\/23\/revisions"}],"predecessor-version":[{"id":393,"href":"https:\/\/reflexologie-rupp.ch\/index.php?rest_route=\/wp\/v2\/pages\/23\/revisions\/393"}],"wp:attachment":[{"href":"https:\/\/reflexologie-rupp.ch\/index.php?rest_route=%2Fwp%2Fv2%2Fmedia&parent=23"}],"curies":[{"name":"wp","href":"https:\/\/api.w.org\/{rel}","templated":true}]}}